{"id":15,"date":"2015-12-30T21:12:31","date_gmt":"2015-12-30T20:12:31","guid":{"rendered":"http:\/\/ttc-uedorf.de\/wordpress\/?page_id=15"},"modified":"2026-02-01T22:20:12","modified_gmt":"2026-02-01T21:20:12","slug":"jugendarbeit","status":"publish","type":"page","link":"https:\/\/ttc-uedorf.de\/wordpress\/jugendarbeit\/","title":{"rendered":"Jugend"},"content":{"rendered":"\r\n<p>&nbsp;<\/p>\r\n\r\n<p style=\"text-align: left;\"><a href=\"https:\/\/ttc-uedorf.de\/wordpress\/schueler\/\" target=\"_blank\" rel=\"noopener noreferrer\">\u2937Jugend (Mannschaften)<\/a><\/p>\r\n<blockquote>\r\n<p>&#8222;Der Nachwuchs ist f\u00fcr den TTC \u00fcberlebenswichtig.&#8220;<\/p>\r\n<\/blockquote>\r\n<p>Darum m\u00f6chten wir eine attraktive und qualitativ hochwertige Jugendarbeit liefern. Das geht jedoch nur in Zusammenarbeit mit den Eltern. Fahrdienste und besonders die Unterst\u00fctzung und Betreuung bei den Meisterschaftsspielen steht dabei im Vordergrund.<\/p>\r\n<p>&nbsp;<\/p>\r\n<p><a href=\"https:\/\/ttc-uedorf.de\/wordpress\/2019\/09\/29\/gute-ergebnisse-bei-den-kreismeisterschaften-fuer-die-tischtennis-jugend-in-bonn\/img_6229\/\" rel=\"attachment wp-att-1253\"><img loading=\"lazy\" decoding=\"async\" class=\"alignnone size-full wp-image-1253\" src=\"https:\/\/ttc-uedorf.de\/wordpress\/wp-content\/uploads\/2019\/09\/IMG_6229.jpg\" alt=\"\" width=\"1280\" height=\"853\" srcset=\"https:\/\/ttc-uedorf.de\/wordpress\/wp-content\/uploads\/2019\/09\/IMG_6229.jpg 1280w, https:\/\/ttc-uedorf.de\/wordpress\/wp-content\/uploads\/2019\/09\/IMG_6229-300x200.jpg 300w, https:\/\/ttc-uedorf.de\/wordpress\/wp-content\/uploads\/2019\/09\/IMG_6229-768x512.jpg 768w, https:\/\/ttc-uedorf.de\/wordpress\/wp-content\/uploads\/2019\/09\/IMG_6229-1024x682.jpg 1024w\" sizes=\"auto, (max-width: 1280px) 100vw, 1280px\" \/><\/a><\/p>\r\n<p>&nbsp;<\/p>","protected":false},"excerpt":{"rendered":"<div class=\"mh-excerpt\"><p>&nbsp; \u2937Jugend (Mannschaften) &#8222;Der Nachwuchs ist f\u00fcr den TTC \u00fcberlebenswichtig.&#8220; Darum m\u00f6chten wir eine attraktive und qualitativ hochwertige Jugendarbeit liefern. Das geht jedoch nur in Zusammenarbeit mit den Eltern. Fahrdienste und besonders die Unterst\u00fctzung und Betreuung bei den Meisterschaftsspielen steht <a class=\"mh-excerpt-more\" href=\"https:\/\/ttc-uedorf.de\/wordpress\/jugendarbeit\/\" title=\"Jugend\">[&#8230;]<\/a><\/p>\n<\/div>","protected":false},"author":1,"featured_media":0,"parent":0,"menu_order":2,"comment_status":"closed","ping_status":"closed","template":"","meta":{"footnotes":""},"class_list":["post-15","page","type-page","status-publish","hentry"],"_links":{"self":[{"href":"https:\/\/ttc-uedorf.de\/wordpress\/wp-json\/wp\/v2\/pages\/15","targetHints":{"allow":["GET"]}}],"collection":[{"href":"https:\/\/ttc-uedorf.de\/wordpress\/wp-json\/wp\/v2\/pages"}],"about":[{"href":"https:\/\/ttc-uedorf.de\/wordpress\/wp-json\/wp\/v2\/types\/page"}],"author":[{"embeddable":true,"href":"https:\/\/ttc-uedorf.de\/wordpress\/wp-json\/wp\/v2\/users\/1"}],"replies":[{"embeddable":true,"href":"https:\/\/ttc-uedorf.de\/wordpress\/wp-json\/wp\/v2\/comments?post=15"}],"version-history":[{"count":17,"href":"https:\/\/ttc-uedorf.de\/wordpress\/wp-json\/wp\/v2\/pages\/15\/revisions"}],"predecessor-version":[{"id":2770,"href":"https:\/\/ttc-uedorf.de\/wordpress\/wp-json\/wp\/v2\/pages\/15\/revisions\/2770"}],"wp:attachment":[{"href":"https:\/\/ttc-uedorf.de\/wordpress\/wp-json\/wp\/v2\/media?parent=15"}],"curies":[{"name":"wp","href":"https:\/\/api.w.org\/{rel}","templated":true}]}}